
Let b(f) = -11*f**2 - 26*f - 12. What is b(-5)?
-157
Let l(v) = 2*v + 112. Determine l(-13).
86
Let o(s) = -157*s - 2364. What is o(-15)?
-9
Let z(x) = -x**2 - 167*x + 1373. Calculate z(8).
-27
Let j(f) = -5*f**3 - 2*f**2 - 144*f + 146. Determine j(1).
-5
Let h(d) = 690*d + 709. Determine h(-1).
19
Let o(r) = r**2 + 11*r - 143. What is o(-25)?
207
Let y(g) = -9*g**2 - 365*g + 91. Give y(-41).
-73
Let a(d) = 61*d**2 + 790*d - 13. What is a(-13)?
26
Let h(y) = -y**3 - 12*y**2 + 63*y - 47. What is h(-16)?
-31
Let v(p) = -p**3 + 94*p**2 - 685*p - 60. Calculate v(86).
198
Let p(a) = a**2 + 71*a - 606. Calculate p(-76).
-226
Let r(y) = 64*y + 131. What is r(-3)?
-61
Let s(z) = 51*z**2 + 3623*z + 146. Calculate s(-71).
4
Let w(b) = -b**3 + 4*b**2 + 4*b + 17. Determine w(5).
12
Let x(h) = 244*h + 1223. What is x(-5)?
3
Let k(b) = 30*b - 195. Determine k(7).
15
Let r(x) = 2*x**3 + 42*x**2 + 33*x + 33. Calculate r(-21).
-660
Let k(o) = -o**3 + 25*o**2 + 15*o - 378. Determine k(25).
-3
Let n(h) = -10*h**3 - 17*h**2 - 18*h - 15. Calculate n(-5).
900
Let h(r) = 706*r + 5654. Determine h(-8).
6
Let c(y) = y**2 + 20*y + 80. Determine c(-11).
-19
Let n(o) = o**3 - 13*o**2 + 50*o - 37. What is n(5)?
13
Let f(n) = -499*n**2 + 148202*n + 282. Determine f(297).
-15
Let r(c) = -c**3 + 13*c**2 - 443*c + 5167. Determine r(12).
-5
Let t(q) = 3*q**2 - 79*q - 9869. Determine t(72).
-5
Let a(v) = -10*v**2 + 28*v - 53. Calculate a(2).
-37
Let v(k) = -376*k - 56015. Calculate v(-149).
9
Let v(c) = -14*c + 201. Determine v(14).
5
Let w(f) = -f**3 - 136*f**2 + 2432*f - 93. Give w(-152).
-93
Let x(y) = 8*y**3 + 385*y**2 + 52*y + 187. Determine x(-48).
-5
Let l(d) = -d**2 - 26*d + 25. Give l(1).
-2
Let y(z) = -34054*z - 102174. Give y(-3).
-12
Let c(u) = -84*u + 2285. Calculate c(26).
101
Let k(c) = 5525*c - 60781. Calculate k(11).
-6
Let q(m) = -7*m + 94. What is q(10)?
24
Let p(o) = -o**2 - 15*o - 28. Determine p(-12).
8
Let g(o) = -5*o**2 + 115*o + 34. Determine g(23).
34
Let d(y) = 80*y + 1543. Give d(-19).
23
Let h(i) = -52*i + 313. Determine h(5).
53
Let n(z) = -283*z + 71004. What is n(251)?
-29
Let k(o) = -13*o - 74. What is k(-5)?
-9
Let q(k) = k**3 - 10*k**2 + 3*k + 5. Calculate q(10).
35
Let j(p) = -4*p**2 - 38*p - 16. Determine j(7).
-478
Let p(n) = -n**3 - 21*n**2 - 55*n + 13. What is p(-18)?
31
Let j(a) = -a**3 + 4*a**2 + 36*a - 85. Calculate j(4).
59
Let h(i) = 174*i**2 + 1396*i + 28. Determine h(-8).
-4
Let v(z) = -399*z - 64. Determine v(0).
-64
Let t(m) = m**3 + 12*m**2 - 292*m - 87. Give t(-24).
9
Let b(l) = 121*l + 245. Give b(-2).
3
Let s(k) = 74*k**2 - 515*k + 4. What is s(7)?
25
Let c(h) = -232*h + 854. Calculate c(8).
-1002
Let u(a) = -2*a**2 + 110*a - 20. Determine u(54).
88
Let r(v) = -5*v**3 + 6*v**2 - 13*v - 1. Calculate r(4).
-277
Let h(n) = -n**3 + 6*n**2 + 3*n - 51. Determine h(7).
-79
Let o(a) = 158*a + 1263. What is o(-11)?
-475
Let d(n) = 152*n + 789. Calculate d(-5).
29
Let x(j) = -64*j**3 + 52*j**2 + 2*j. Give x(1).
-10
Let t(r) = r**2 - 95*r + 233. Calculate t(3).
-43
Let c(r) = r**2 - 9*r - 929. Calculate c(-16).
-529
Let t(b) = -30*b - 380. What is t(-21)?
250
Let s(r) = -10*r**3 + 49*r**2 - 24*r + 29. Calculate s(4).
77
Let n(o) = 33*o + 320. Give n(-9).
23
Let x(c) = 506*c**2 - 15*c - 20. What is x(-1)?
501
Let l(d) = 2*d**3 - 2*d**2 - 6*d + 14. What is l(6)?
338
Let y(x) = -17*x**3 - 37*x**2 - 28*x + 8. What is y(-1)?
16
Let n(m) = -m**3 + 71*m**2 + 70*m + 163. What is n(72)?
19
Let t(n) = 173*n - 5335. Give t(31).
28
Let m(i) = -2*i**2 - 45*i - 339. Determine m(-8).
-107
Let u(q) = -225*q + 1477. Determine u(5).
352
Let t(x) = -6*x + 26. What is t(9)?
-28
Let k(i) = -48*i + 854. Determine k(18).
-10
Let p(i) = 3*i**3 - 313*i**2 - 3*i - 4. Determine p(0).
-4
Let r(v) = -v**2 + 61*v + 1837. Calculate r(83).
11
Let a(q) = q**2 - 61*q - 4035. What is a(-40)?
5
Let s(o) = 335*o - 5016. Calculate s(15).
9
Let f(b) = b**3 - 6*b**2 + 12*b - 47. What is f(8)?
177
Let i(p) = -81*p - 8025. Calculate i(-99).
-6
Let r(i) = -i**3 - 65*i**2 + 4*i + 273. What is r(-65)?
13
Let w(m) = -69*m**2 + 1934*m - 35. Give w(28).
21
Let i(r) = 101*r - 42. Give i(2).
160
Let y(w) = -88*w - 9639. Determine y(-110).
41
Let g(z) = -626*z - 3725. What is g(-6)?
31
Let l(r) = 2*r**3 + 30*r**2 + 3*r - 19. What is l(-14)?
331
Let o(h) = -h**3 - 45*h**2 + 58*h + 500. Determine o(-46).
-52
Let c(j) = -2*j**2 - 191*j - 1400. Give c(-8).
0
Let x(r) = 2*r**2 - 30*r + 71. Determine x(10).
-29
Let k(t) = 2*t**3 + 35*t**2 - 17*t + 34. What is k(-18)?
16
Let l(m) = 115*m - 1497. Determine l(13).
-2
Let w(p) = p**3 + 3*p**2 + 2*p - 20. Give w(-4).
-44
Let y(a) = a**3 + 17*a**2 - 16*a + 39. Calculate y(-18).
3
Let j(m) = -m**3 - 14*m**2 - 44*m + 41. Give j(-8).
9
Let f(q) = -1260*q - 5070. Calculate f(-4).
-30
Let n(b) = -118*b + 6222. Give n(53).
-32
Let d(y) = -y**2 - 19*y + 297. Determine d(-17).
331
Let u(w) = -31*w - 1512. Give u(-49).
7
Let n(q) = -2*q**2 - 48*q - 107. Determine n(-25).
-157
Let u(o) = -54*o**2 + 2761*o - 362. Determine u(51).
-5
Let f(k) = k**2 - 45*k + 503. What is f(21)?
-1
Let y(k) = 787*k - 46404. Determine y(59).
29
Let k(f) = 67*f - 1017. Determine k(13).
-146
Let t(w) = 40*w + 709. What is t(-17)?
29
Let g(q) = -214*q - 1172. What is g(-5)?
-102
Let t(z) = z**2 - 14*z - 121. Determine t(25).
154
Let d(i) = -5*i**2 + 3*i + 19. Calculate d(7).
-205
Let a(t) = t**3 + 15*t**2 + 20*t - 28. Give a(-6).
176
Let v(p) = -51*p + 718. What is v(14)?
4
Let y(i) = 59*i + 705. Give y(-9).
174
Let s(g) = 49*g - 43. Give s(0).
-43
Let j(a) = a**3 - 45*a**2 - 181*a + 89. Determine j(49).
824
Let v(o) = -49*o - 2256. What is v(-60)?
684
Let j(n) = -94*n**2 - 753*n - 13. Calculate j(-8).
-5
Let h(q) = q**3 - 2*q**2 - 101*q + 56. Give h(15).
1466
Let m(f) = f**2 - 38*f + 242. Determine m(31).
25
Let t(b) = 4*b**2 - 54*b + 35. Calculate t(12).
-37
Let o(t) = -2*t**3 + 16*t**2 - 18*t - 27. What is o(6)?
9
Let a(b) = -b**2 + 517*b + 3090. Calculate a(-6).
-48
Let h(v) = -6*v**2 + 10*v + 121. What is h(-9)?
-455
Let z(l) = -50*l + 344. Give z(-7).
694
Let n(a) = a**2 + 48*a + 362. Determine n(-41).
75
Let a(d) = -d**3 + 14*d**2 - 11*d - 77. Give a(13).
-51
Let t(c) = -c**2 + 63*c - 997. What is t(33)?
-7
Let c(i) = 237*i - 2848. What is c(12)?
-4
Let r(g) = 26*g**2 + 388*g - 21. Calculate r(-15).
9
Let v(f) = 2*f**2 - 190*f - 115. What is v(93)?
-487
Let i(j) = j**3 - 62*j**2 - 410*j + 129. Give i(68).
-7
Let s(v) = -153*v + 10100. Determine s(65).
155
Let b(v) = -v**3 + 5*v**2 + 23*v - 120. Calculate b(5).
-5
Let w(b) = b**2 + 1854*b + 11085. What is w(-6)?
-3
Let z(u) = -u**3 + 20*u**2 - 74*u - 49. Calculate z(15).
-34
Let v(l) = -l**3 + 26*l**2 - 5*l + 114. Give v(26).
-16
Let n(i) = -301*i - 6043. What is n(-20)?
-23
Let f(l) = 8*l**2 + 673*l + 3824. Determine f(-78).
2
Let q(m) = -123*m - 3565. Calculate q(-29).
2
Let o(s) = 43*s + 667. Calculate o(-17).
-64
Let r(j) = 2*j**3 + 14*j + 25. What is r(-5)?
-295
Let j(d) = -2*d**3 - 92*d**2 + 9*d + 424. What is j(-46)?
10
Let j(w) = -256*w + 8699. Determine j(34).
-5
Let j(b) = 104*b + 11. Give j(1).
115
Let z(q) = q**3 + 33*q**2 + 220*q - 51. Calculate z(-10).
49
Let v(a) = 28*a**2 + 245*a + 340. Calculate v(-7).
-3
Let s(n) = -7*n**2 + 242*n - 578. Determine s(32).
-2
Let w(d) = d**3 + 44*d**2 - 79*d + 624. Calculate w(-46).
26
Let j(m) = m**3 + 23*m**2 + 110*m - 27. Give j(-16).
5
Let u(g) = -3*g**2 + 218*g - 1497. Determine u(65).
-2
Let w(p) = -39*p - 16. Give w(-9).
335
Let t(z) = 2*z**3 + 36*z**2 - 36*z + 95. What is t(-19)?
57
Let k(b) = -98*b - 1287. Determine k(-13).
-13
Let h(u) = 3553*u - 28412. Determine h(8).
12
Let x(f) = f**2 + 199*f + 8018. What is x(-56)?
10
Let u(k) = 50*k - 3125. Determine u(65).
125
Let q(g) = g**2 - 35*g + 308. Give q(15).
8
Let k(x) = 559*x - 2797. Calculate k(5).
-2
Let m(a) = 6*a**3 + 11*a**2 + 18*a + 9. What is m(-1)?
-4
Let q(k) = -65*k - 450. Determine q(-7).
5
Let q(i) = i**3 + 173*i**2 - 2217*i - 10. Calculate q(12).
26
Let b(d) = -128*d - 1302. Determine b(-10).
-22
Let z(o) = -17*o - 1567. What is z(-93)?
14
Let t(m) = 2*m**2 - 6*m - 3. Calculate t(-6).
105
Let z(v) = -2*v**3 + 75*v**2 + 89*v - 4811. Determine z(37).
-149
Let r(f) = -7*f**3 + 25*f**2 + 43*f - 3. What